	 
		 
				
	 
	{"id":1906,"date":"2017-10-19T18:36:53","date_gmt":"2017-10-19T16:36:53","guid":{"rendered":"https:\/\/proson.fr\/vue-materiels\/hf-intercoms\/"},"modified":"2018-03-07T18:29:08","modified_gmt":"2018-03-07T17:29:08","slug":"hf-intercoms","status":"publish","type":"page","link":"https:\/\/proson.eu\/en\/overview\/hf-intercoms\/","title":{"rendered":"HF &amp; Intercoms"},"content":{"rendered":"<p>HF &amp; INTERCOMS : M\u00e9tier historique de l&#8217;entreprise, Proson relance en 2012 un d\u00e9partement HF Pro. Notre but n&#8217;est pas de proposer des liaisons en quantit\u00e9, mais d&#8217;offrir un vrai service \u00e0 forte valeur ajout\u00e9e.<\/p>\n<p>&nbsp;<\/p>\n<p>Pour r\u00e9pondre \u00e0 cette \u00e9quation grandissante :\u00a0 toujours moins de fr\u00e9quences avec des clients qui n\u00e9cessitent toujours plus de micros, nous investissons tous les ans dans les meilleurs technologies du march\u00e9 : en 2014 le D9000 Sennheiser, en 2016 le TG 1000 Beyerdynamic et fin 2017 l&#8217; Axent Digital de Shure.<\/p>\n<p>&nbsp;<\/p>\n","protected":false},"excerpt":{"rendered":"<p>HF &amp; INTERCOMS : M\u00e9tier historique de l&#8217;entreprise, Proson relance en 2012 un d\u00e9partement HF Pro. Notre but n&#8217;est pas [\u2026]<\/p>\n<div class=\"view-full-post\"><a href=\"https:\/\/proson.eu\/en\/overview\/hf-intercoms\/\" class=\"view-full-post-btn\">Lire la suite<\/a><\/div>\n","protected":false},"author":1,"featured_media":2678,"parent":1569,"menu_order":9,"comment_status":"closed","ping_status":"closed","template":"page_parent_categorie.php","meta":{"_acf_changed":false,"footnotes":""},"class_list":["post-1906","page","type-page","status-publish","has-post-thumbnail","hentry"],"acf":[],"_links":{"self":[{"href":"https:\/\/proson.eu\/en\/wp-json\/wp\/v2\/pages\/1906","targetHints":{"allow":["GET"]}}],"collection":[{"href":"https:\/\/proson.eu\/en\/wp-json\/wp\/v2\/pages"}],"about":[{"href":"https:\/\/proson.eu\/en\/wp-json\/wp\/v2\/types\/page"}],"author":[{"embeddable":true,"href":"https:\/\/proson.eu\/en\/wp-json\/wp\/v2\/users\/1"}],"replies":[{"embeddable":true,"href":"https:\/\/proson.eu\/en\/wp-json\/wp\/v2\/comments?post=1906"}],"version-history":[{"count":0,"href":"https:\/\/proson.eu\/en\/wp-json\/wp\/v2\/pages\/1906\/revisions"}],"up":[{"embeddable":true,"href":"https:\/\/proson.eu\/en\/wp-json\/wp\/v2\/pages\/1569"}],"wp:featuredmedia":[{"embeddable":true,"href":"https:\/\/proson.eu\/en\/wp-json\/wp\/v2\/media\/2678"}],"wp:attachment":[{"href":"https:\/\/proson.eu\/en\/wp-json\/wp\/v2\/media?parent=1906"}],"curies":[{"name":"wp","href":"https:\/\/api.w.org\/{rel}","templated":true}]}}

<p>HF &amp; INTERCOMS : Métier historique de l&#8217;entreprise, Proson relance en 2012 un département HF Pro. Notre but n&#8217;est pas de proposer des liaisons en quantité, mais d&#8217;offrir un vrai service à forte valeur ajoutée.</p>
<p>&nbsp;</p>
<p>Pour répondre à cette équation grandissante :  toujours moins de fréquences avec des clients qui nécessitent toujours plus de micros, nous investissons tous les ans dans les meilleurs technologies du marché : en 2014 le D9000 Sennheiser, en 2016 le TG 1000 Beyerdynamic et fin 2017 l&#8217; Axent Digital de Shure.</p>
<p>&nbsp;</p>

<p>HF &amp; INTERCOMS : Métier historique de l&#8217;entreprise, Proson relance en 2012 un département HF Pro. Notre but n&#8217;est pas […]</p>
<div class="view-full-post"><a href="https://proson.eu/en/overview/hf-intercoms/" class="view-full-post-btn">Lire la suite</a></div>
